 by 175.
107
What is the remainder when 5025 is divided by 148?
141
What is the remainder when 2598 is divided by 23?
22
Calculate the remainder when 37 is divided by 28.
9
What is the remainder when 107 is divided by 94?
13
What is the remainder when 1423 is divided by 130?
123
Calculate the remainder when 165 is divided by 28.
25
Calculate the remainder when 332 is divided by 18.
8
What is the remainder when 3693 is divided by 154?
151
Calculate the remainder when 2151 is divided by 712.
15
Calculate the remainder when 189 is divided by 39.
33
What is the remainder when 318 is divided by 77?
10
What is the remainder when 735 is divided by 32?
31
Calculate the remainder when 881 is divided by 23.
7
What is the remainder when 2679 is divided by 10?
9
Calculate the remainder when 815 is divided by 804.
11
What is the remainder when 131 is divided by 1?
0
What is the remainder when 3926 is divided by 77?
76
Calculate the remainder when 7750 is divided by 12.
10
What is the remainder when 104 is divided by 75?
29
What is the remainder when 168 is divided by 36?
24
What is the remainder when 161 is divided by 51?
8
What is the remainder when 127 is divided by 70?
57
Calculate the remainder when 3024 is divided by 11.
10
Calculate the remainder when 253 is divided by 224.
29
Calculate the remainder when 149 is divided by 46.
11
Calculate the remainder when 1463 is divided by 12.
11
What is the remainder when 167 is divided by 19?
15
Calculate the remainder when 2378 is divided by 85.
83
What is the remainder when 15956 is divided by 158?
156
Calculate the remainder when 257 is divided by 39.
23
Calculate the remainder when 190 is divided by 15.
10
What is the remainder when 1274 is divided by 17?
16
Calculate the remainder when 13 is divided by 7.
6
What is the remainder when 204 is divided by 105?
99
Calculate the remainder when 98 is divided by 31.
5
What is the remainder when 117 is divided by 44?
29
What is the remainder when 440 is divided by 425?
15
What is the remainder when 234 is divided by 59?
57
What is the remainder when 134 is divided by 55?
24
What is the remainder when 156 is divided by 68?
20
Calculate the remainder when 2355 is divided by 24.
3
What is the remainder when 564 is divided by 21?
18
Calculate the remainder when 4876 is divided by 9.
7
Calculate the remainder when 59 is divided by 13.
7
What is the remainder when 146 is divided by 2?
0
Calculate the remainder when 3148 is divided by 30.
28
Calculate the remainder when 127 is divided by 12.
7
What is the remainder when 627 is divided by 92?
75
What is the remainder when 1043 is divided by 19?
17
What is the remainder when 298 is divided by 18?
10
Calculate the remainder when 104 is divided by 39.
26
Calculate the remainder when 665 is divided by 214.
23
What is the remainder when 5188 is divided by 398?
14
Calculate the remainder when 626 is divided by 33.
32
What is the remainder when 44 is divided by 15?
14
What is the remainder when 19246 is divided by 48?
46
Calculate the remainder when 727 is divided by 46.
37
Calculate the remainder when 2142 is divided by 143.
140
What is the remainder when 1886 is divided by 236?
234
What is the remainder when 17 is divided by 17?
0
What is the remainder when 1029 is divided by 36?
21
Calculate the remainder when 1912 is divided by 24.
16
What is the remainder when 49 is divided by 22?
5
What is the remainder when 1815 is divided by 13?
8
Calculate the remainder when 406 is divided by 67.
4
Calculate the remainder when 8210 is divided by 111.
107
Calculate the remainder when 11444 is divided by 118.
116
Calculate the remainder when 108 is divided by 35.
3
What is the remainder when 10714 is divided by 47?
45
What is the remainder when 11 is divided by 4?
3
What is the remainder when 11401 is divided by 181?
179
Calculate the remainder when 455 is divided by 51.
47
What is the remainder when 112 is divided by 30?
22
What is the remainder when 519 is divided by 35?
29
What is the remainder when 205 is divided by 23?
21
Calculate the remainder when 569 is divided by 87.
47
Calculate the remainder when 22 is divided by 17.
5
What is the remainder when 126 is divided by 39?
9
What is the remainder when 201 is divided by 41?
37
What is the remainder when 2758 is divided by 6?
4
Calculate the remainder when 244 is divided by 81.
1
What is the remainder when 46 is divided by 7?
4
What is the remainder when 31 is divided by 30?
1
Calculate the remainder when 8712 is divided by 15.
12
Calculate the remainder when 222 is divided by 83.
56
What is the remainder when 7691 is divided by 15?
11
What is the remainder when 1031 is divided by 202?
21
Calculate the remainder when 902 is divided by 241.
179
Calculate the remainder when 117 is divided by 43.
31
Calculate the remainder when 4304 is divided by 215.
4
Calculate the remainder when 136 is divided by 5.
1
Calculate the remainder when 177 is divided by 132.
45
Calculate the remainder when 64 is divided by 63.
1
Calculate the remainder when 2843 is divided by 75.
68
Calculate the remainder when 212 is divided by 73.
66
Calculate the remainder when 38 is divided by 12.
2
Calculate the remainder when 2924 is divided by 117.
116
What is the remainder when 477 is divided by 142?
51
Calculate the remainder when 27885 is divided by 48.
45
What is the remainder when 76 is divided by 42?
34
What is the remainder when 1053 is divided by 66?
63
What is the remainder when 460 is divided by 22?
20
What is the remainder when 1726 is divided by 9?
7
What is the remainder when 259 is divided by 105?
49
Calculate the remainder when 168 is divided by 87.
81
What is the remainder when 219 is divided by 28?
23
Calculate the remainder when 1029 is divided by 3.
0
Calculate the remainder when 164 is divided by 22.
10
Calculate the remainder when 303 is divided by 9.
6
What is the remainder when 2031 is divided by 186?
171
What is the remainder when 95 is divided by 77?
18
Calculate the remainder when 109 is divided by 62.
47
Calculate the remainder when 2837 is divided by 167.
165
Calculate the remainder when 435 is divided by 410.
25
What is the remainder when 104 is divided by 45?
14
Calculate the remainder when 34 is divided by 26.
8
Calculate the remainder when 700 is divided by 37.
34
Calculate the remainder when 542 is divided by 14.
10
Calculate the remainder when 85 is divided by 2.
1
What is the remainder when 15218 is divided by 57?
56
Calculate the remainder when 30 is divided by 8.
6
What is the remainder when 2853 is divided by 28?
25
Calculate the remainder when 147 is divided by 61.
25
What is the remainder when 2990 is divided by 40?
30
What is the remainder when 18442 is divided by 318?
316
Calculate the remainder when 264 is divided by 47.
29
What is the remainder when 1296 is divided by 22?
20
Calculate the remainder when 705 is divided by 48.
33
What is the remainder when 107 is divided by 22?
19
What is the remainder when 1539 is divided by 19?
0
Calculate the remainder when 952 is divided by 8.
0
What is the remainder when 36 is divided by 35?
1
What is the remainder when 745 is divided by 721?
24
What is the remainder when 212 is divided by 61?
29
What is the remainder when 51 is divided by 12?
3
What is the remainder when 2046 is divided by 137?
128
Calculate the remainder when 328 is divided by 166.
162
Calculate the remainder when 1049 is divided by 417.
215
What is the remainder when 119 is divided by 11?
9
Calculate the remainder when 614 is divided by 77.
75
What is the remainder when 314 is divided by 157?
0
Calculate the remainder when 36 is divided by 32.
4
Calculate the remainder when 31963 is divided by 15.
13
Calculate the remainder when 220 is divided by 61.
37
What is the remainder when 188 is divided by 11?
1
Calculate the remainder when 109 is divided by 88.
21
What is the remainder when 15 is divided by 9?
6
What is the remainder when 70 is divided by 12?
10
Calculate the remainder when 674 is divided by 113.
109
Calculate the remainder when 331 is divided by 112.
107
What is the remainder when 13315 is divided by 23?
21
Calculate the remainder when 8482 is divided by 84.
82
What is the remainder when 3790 is divided by 14?
10
Calculate the remainder when 94 is divide